hat is 101 + 1010001110111?
1010001111100
In base 2, what is 100 - 111000111010?
-111000110110
In base 4, what is -1302033 - -133?
-1301300
In base 2, what is -10110100 - 1101000?
-100011100
In base 16, what is -6 - -e42?
e3c
In base 11, what is 2031 + 0?
2031
In base 2, what is 1 + 10110101010010?
10110101010011
In base 10, what is 24577 + -3?
24574
In base 8, what is -34 - 70060?
-70114
In base 14, what is -2 + 22c9d?
22c9b
In base 16, what is 0 + 1a5bc?
1a5bc
In base 9, what is -7 + -4181?
-4188
In base 3, what is 12 + -111212221?
-111212202
In base 6, what is 1304 - 4031?
-2323
In base 5, what is -204134 + -20?
-204204
In base 11, what is 17214a - 9?
172141
In base 10, what is -3 + -844004?
-844007
In base 12, what is a8 - 4302?
-4216
In base 16, what is -8fee4 - 5?
-8fee9
In base 15, what is -2dc59 - -2?
-2dc57
In base 6, what is 1533325 - -2?
1533331
In base 16, what is -3 + 1c877?
1c874
In base 5, what is -2241 - -132?
-2104
In base 2, what is 100 + 1001101010110101?
1001101010111001
In base 10, what is -214524 - -5?
-214519
In base 11, what is 1 - 19a14?
-19a13
In base 12, what is -75b - -537?
-224
In base 8, what is 2 - 535464?
-535462
In base 8, what is 256 - -4407?
4665
In base 12, what is 761 - 1a?
743
In base 11, what is 25 - 2aa0?
-2a76
In base 16, what is -1 + -e1?
-e2
In base 5, what is -1044003 - 12?
-1044020
In base 11, what is -123764 + 18?
-123747
In base 8, what is -4 + 162?
156
In base 14, what is -252 - 777?
-9c9
In base 15, what is -32756 + -3?
-32759
In base 6, what is -1 - -30142?
30141
In base 10, what is -30 + 2996?
2966
In base 5, what is -230 - 3102?
-3332
In base 12, what is 1 + 73810?
73811
In base 11, what is -400a - 69?
-4078
In base 8, what is 2 - 27714?
-27712
In base 13, what is -3b259 - 5?
-3b261
In base 16, what is -6 + 739?
733
In base 16, what is 2f1e + -12?
2f0c
In base 10, what is -1 + 23112?
23111
In base 16, what is 3 - -f954?
f957
In base 3, what is 100212 - -2200?
110112
In base 2, what is 100100110100 - -101001?
100101011101
In base 7, what is 3 + -240246?
-240243
In base 4, what is 313 + -23001?
-22022
In base 4, what is -1132 + -10230?
-12022
In base 15, what is -4 + 12d6?
12d2
In base 5, what is -2 - -1124022?
1124020
In base 2, what is -10110011011011010010 + -1?
-10110011011011010011
In base 5, what is 322011 - -34?
322100
In base 7, what is -1225611 - 10?
-1225621
In base 5, what is 10 + -311212?
-311202
In base 10, what is 5 + 220424?
220429
In base 8, what is -604 - 16132?
-16736
In base 2, what is 10010010 + 1011001?
11101011
In base 4, what is 1 + -13131001?
-13131000
In base 5, what is 0 + -21141?
-21141
In base 16, what is 1c8 - -20?
1e8
In base 3, what is 1212111211 + 12?
1212112000
In base 11, what is 78407 + -2?
78405
In base 5, what is -1013 + -2300331?
-2301344
In base 15, what is -2 - 1b9?
-1bb
In base 9, what is -15 + 2654?
2638
In base 10, what is -41371 + -9?
-41380
In base 9, what is -11528 + 5?
-11523
In base 11, what is -1 + 2004?
2003
In base 16, what is 12cb + -13?
12b8
In base 4, what is 31030 - 1101?
23323
In base 16, what is -640d + -24?
-6431
In base 15, what is -3e - 2cd?
-31c
In base 3, what is -222120002201 + 2?
-222120002122
In base 4, what is 102312320 + -22?
102312232
In base 6, what is 1252 + -50?
1202
In base 2, what is -11100111000110010 + -10110?
-11100111001001000
In base 10, what is -4 - 288955?
-288959
In base 7, what is 24 + 64113?
64140
In base 16, what is 1605 + -1a9?
145c
In base 12, what is 222 - -4?
226
In base 14, what is -1 + 4730?
472d
In base 11, what is -1304511 + -4?
-1304515
In base 10, what is 4549 - 145?
4404
In base 8, what is 12016 - -207?
12225
In base 7, what is 3 - 25263?
-25260
In base 4, what is 3 + -201000?
-200331
In base 2, what is 1000110000101001 + 11011?
1000110001000100
In base 5, what is 10 - 113444112?
-113444102
In base 6, what is -5 - 14521?
-14530
In base 8, what is -133565 - -3?
-133562
In base 2, what is 11111111101001 + 10000?
11111111111001
In base 13, what is 1a51 - -3?
1a54
In base 9, what is -21 - -14103?
14072
In base 9, what is 810 - 2782?
-1872
In base 2, what is 110011101110 - 10001?
110011011101
In base 13, what is 15b - 9cc?
-871
In base 6, what is 1 - 12244?
-12243
In base 15, what is cbb + -2d?
c8d
In base 13, what is 1b8b52 + 0?
1b8b52
In base 16, what is -13ae66 - 0?
-13ae66
In base 13, what is 48 + -324?
-2a9
In base 12, what is -2035 + -110?
-2145
In base 6, what is -3 + -442104?
-442111
In base 5, what is -1001 - -100241?
44240
In base 9, what is 830 + 1418?
2348
In base 4, what is 112220033130 - 2?
112220033122
In base 3, what is 1010 + -1122?
-112
In base 7, what is -3602341 - -1?
-3602340
In base 15, what is 200b + 5?
2011
In base 9, what is 24353 - -6?
24360
In base 14, what is -11 + 87544?
87533
In base 2, what is 10 + 110011001111001100?
110011001111001110
In base 14, what is 168 - 1c54?
-1aca
In base 3, what is 1110000220202 - 2?
1110000220200
In base 15, what is 31325 + -2?
31323
In base 9, what is 2 - -142806?
142808
In base 14, what is -119a - -6?
-1194
In base 12, what is -2a - 1435a?
-14388
In base 7, what is 6165 - 5?
6160
In base 5, what is 10 - 22111114?
-22111104
In base 2, what is 100011111011000111 + 101?
100011111011001100
In base 7, what is -5 - 31126?
-31134
In base 3, what is 10 - -20120211?
20120221
In base 16, what is -19a - 1f5?
-38f
In base 9, what is -5 - -43?
37
In base 11, what is 37240 + 7?
37247
In base 10, what is -2109 - 16?
-2125
In base 6, what is 5 + 32220?
32225
In base 13, what is -1 + -451c1?
-451c2
In base 9, what is -2018 - -70?
-1838
In base 7, what is -646042 + -5?
-646050
In base 9, what is 4 - 8?
-4
In base 7, what is -13454010 + 5?
-13454002
In base 2, what is -1100011110110001110111 + 10?
-1100011110110001110101
In base 2, what is 110100100011000 + -100?
110100100010100
In base 11, what is -a + -11064?
-11073
In base 13, what is -15483 - 3?
-15486
In base 13, what is 6 + 18ba3?
18ba9
In base 11, what is 446 + -8a8?
-462
In base 4, what is 2 - 3213103?
-3213101
In base 10, what is -235 + -430?
-665
In base 2, what is -100 - 101000011110101?
-101000011111001
In base 13, what is 45351 + 1?
45352
In base 14, what is -9500 + 32?
-94ac
In base 5, what is 2144014 - -43?
2144112
In base 8, what is -2265654 - 0?
-2265654
In base 9, what is 404053 + 2?
404055
In base 16, what is 21b0 + -30?
2180
In base 12, what is 415 - 752?
-339
In base 7, what is -1105 + 2212?
1104
In base 10, what is -30 + -3183?
-3213
In base 9, what is -762 + -486?
-1358
In base 16, what is -1b62 - -13e?
-1a24
In base 4, what is 1003 - 12010?
-11001
In base 5, what is 221 + -13023?
-12302
In base 8, what is -761 - -36?
-723
In base 13, what is 4 + -493?
-48c
In base 10, what is 9864 + -11?
9853
In base 15, what is a96 - -65?
b0b
In base 9, what is 3784 - -152?
4046
In base 15, what is -9c3 + 469?
-559
In base 12, what is -24 - -4333?
430b
In base 5, what is -124 - 3020?
-3144
In base 11, what is 3 - 949a?
-9497
In base 2, what is -11010000001000 + 0?
-11010000001000
In base 15, what is -c6 - 46?
-11c
In base 8, what is -10 + 50072?
50062
In base 14, what is 13 + 317?
32a
In base 13, what is 1374 + 13?
1387
In base 16, what is a5e3 + -2?
a5e1
In base 15, what is 493 - b6?
3cc
In base 4, what is -33 - -1133231?
1133132
In base 12, what is -7a5 - -2a?
-777
In base 7, what is -16546 - 134?
-20013
In base 7, what is -25 - -2634?
2606
In base 14, what is -106 - c4?
-1ca
In base 10, what is 1162 - -83?
1245
In base 12, what is -298 + -1852?
-1b2a
In base 14, what is -178692 + 1?
-178691
In base 7, what is -30 - -4660?
4630
In base 13, what is 5138b + 4?
51392
In base 5, what is 302404 - -3?
302412
In base 10, what is 4 + -41?
-37
In base 14, what is -3 - 3635?
-3638
In base 7, what is 36 + 16335?
16404
In base 13, what is -9 + 4b56?
4b4a
In base 14, what is -552 + -24c?
-7a0
In base 3, what is -2 + -210122022200?
-210122022202
In base 4, what is -20 + 1333001?
1332321
In base 6, what is 23320 - 211?
23105
In base 9, what is -13254 - 112?
-13366
In base 16, what is 5d + 221c?
2279
In base 14, what is 3 + 2c2da?
2c2dd
In base 6, what is -2 - 354320?
-354322
In base 12, what is -203 + a50?
849
In base 12, what is 2 - 443997?
-443995
In base 3, what is 1212012 + 22121?
2011210
In base 14, what is 4